uppose w*i = -5*i + 320. Let k = i + -27. Is k a prime number?
True
Suppose k = 6 - 2. Is 4/k + 1*64 a prime number?
False
Let y(m) = -m**2 + 10*m - 11. Let u be y(8). Suppose -1 = 3*d + u. Is (d/3)/((-2)/30) composite?
True
Let z = -2391 - -8508. Is z prime?
False
Suppose 3*r - 1 = 5. Suppose -r*z + 39 = -z. Is z prime?
False
Let v = 288 - -1405. Is v prime?
True
Suppose -2*m + 4*m - 16 = -2*x, -4*m - 5*x + 36 = 0. Suppose -m*j + j + 5*v = -16, 5*v = 2*j - 14. Suppose -u + j = -77. Is u a prime number?
True
Suppose 6*f + 1676 = 10*f. Is f composite?
False
Let y(o) = 5*o + 3. Let v be y(4). Let b = -4 + v. Suppose 3*r - 2 - b = 0. Is r prime?
True
Let m(z) = -3*z - 6. Suppose 3*c = -5 + 26. Let v = 3 - c. Is m(v) a prime number?
False
Suppose -z - k = -6*z - 5, -2*z - 2*k = -10. Suppose z = 2*v + 2 + 10. Is 96/9 - 2/v composite?
False
Suppose i + 22 - 71 = 0. Let u = -42 + 14. Let r = i + u. Is r prime?
False
Let j = 62 - 26. Suppose j = b - 47. Is b a composite number?
False
Let c = 6 - 4. Suppose 6*t - 4 = c*t. Is 0 + 1 - (-21 - t) composite?
False
Let k be 4/(-6) + (-43)/3. Let x be (-5)/k + 304/6. Suppose -37 = -4*i + x. Is i a composite number?
True
Let f(n) = 0*n**2 + 2 + 3*n**2 - 33*n**3 - 1 - 2*n**2. Is f(-2) prime?
True
Is (4/8)/((-2)/8) - -720 prime?
False
Let r(k) = k**3 + 3*k**2 - 3*k + 1. Let v be r(-4). Let h = v + 7. Is h a composite number?
True
Let q(d) = 10*d**2 - 9*d + 1. Is q(6) a prime number?
True
Suppose f = 4*i - 2075, 11*i + 5*f - 2081 = 7*i. Is i a composite number?
True
Let f = 186 + -62. Suppose 3*d + 5*r = 6*d - f, d = -2*r + 34. Is d a composite number?
True
Suppose 0 = -3*t + 406 + 2795. Is t a composite number?
True
Suppose 216 = 5*i - 2*i. Suppose 4*x + i = 244. Is x prime?
True
Let n(b) be the second derivative of -2*b - 2*b**2 + 0 + 1/3*b**3. Is n(3) prime?
True
Suppose 2*w - 6 = -2*f, 0 = w - 5*f + f - 18. Is (4/w)/((-4)/(-186)) a composite number?
False
Suppose c + 15 = -4*m + 2, 0 = 5*c + 4*m + 17. Let v(r) = 96*r**2 + 7*r. Let x(g) = -95*g**2 - 6*g. Let j(s) = -5*v(s) - 6*x(s). Is j(c) a prime number?
True
Suppose 2*y - 11 = -3. Let a be 3*(1 - 2) - -5. Suppose j - a*k = 42, 0*j + j - 38 = y*k. Is j a composite number?
True
Let m be 10/(6/(-3)) - -2. Is (m/(-6))/(2/1228) a composite number?
False
Let t be (2 - -7) + (1 - 2). Suppose -4*j = -t*j + 388. Is j a composite number?
False
Is (0 - -1537)*9/(8 - -1) a prime number?
False
Suppose 4*a = a + 309. Let s = a + -24. Is s prime?
True
Suppose a - 3 = -1. Let r(l) = 10*l**2 - 2*l + 3. Is r(a) a composite number?
True
Suppose 0 = -2*j + 4, 5*s = -3*j - 2*j + 1605. Is s a prime number?
False
Let r(n) = -n**2 - 5*n + 3. Suppose 5*u + 5*c - 5 = 0, u = -3*c + 7*c - 19. Let f be u/15 - 28/10. Is r(f) a composite number?
True
Suppose 3*q + 2*q - 1654 = -b, 0 = -2*q + b + 663. Is q a prime number?
True
Let j(l) = 28*l**2 + 2. Let w be j(-2). Let p be (w/(-18))/(1/(-6)). Is -3 - 3*p/(-3) a prime number?
False
Let w = 213 - 59. Let d = -63 + w. Is d composite?
True
Suppose -5*v - 219 + 75 = -2*x, -8 = -4*x. Let c be (-2)/8 + 161/v. Is c/(-9)*(-804)/(-8) a prime number?
True
Suppose 4*j + 0*s - 40 = 3*s, 0 = 3*s + 12. Let u = -5 + j. Suppose 3*a = 103 + u. Is a a composite number?
True
Let m be 1 - 10*2/4. Let u be (4/6)/(m/456). Let g = u + 113. Is g a composite number?
False
Let r(t) be the first derivative of -t**4/6 - 3*t**3/2 - 3*t**2/2 + 1. Let q(u) be the second derivative of r(u). Is q(-7) a composite number?
False
Let r(t) = 28*t**2 + 7. Let j be r(-5). Suppose 5*d - 3*l = -2*l + j, -432 = -3*d - 2*l. Is d a composite number?
True
Is (-86)/18 - -5 - 3326/(-18) a prime number?
False
Is (-290)/(-3) - 5/(-15) composite?
False
Let w(c) = -40*c + 19. Is w(-10) prime?
True
Is ((-1)/(-2))/((-4)/(-760)) a composite number?
True
Suppose 9*y - 404 = 73. Is y a prime number?
True
Let n(y) = y - 8. Let u be n(10). Is (3 - 1)/u + 10 a prime number?
True
Let d = -1626 + 2306. Is d/11 + 4/22 composite?
True
Suppose 635 = t - 2*v - 622, 4*t - v - 5014 = 0. Is t composite?
True
Suppose 30 = -0*l + 5*l. Suppose -2*b + m + 0*m = -18, -2*b = 5*m + l. Is b a composite number?
False
Let n(v) = 115*v + 9. Is n(4) composite?
True
Let i = 29 + -18. Let y = i + -7. Suppose 0 = -2*b + 2, l + b = y*b + 142. Is l a prime number?
False
Let c(d) = d**3 - 3*d**2 - 2*d - 7. Is c(6) a prime number?
True
Let a(v) = 37*v**2 - v + 1. Suppose -q - 4 + 3 = -4*s, 0 = 2*s - 3*q + 7. Is a(s) composite?
False
Suppose 5*f - 5*r = 70, 4*f = -0*f + 5*r + 55. Is f a prime number?
False
Let n(l) = l**3 - 14*l**2 - 18*l + 5. Let h be n(12). Let w = h + 986. Is w prime?
True
Let i be 4/6 - (-4 + (-760)/12). Let y be (124 + -1)/(2 + -1). Let q = y - i. Is q a composite number?
True
Let o be (-8)/36 + 58/18. Suppose -4*q + 2 = 4*j - 6, 4*j - 8 = o*q. Is (1 - q)/((-2)/(-42)) a prime number?
False
Let k(b) = 6*b - 9. Let h be k(-5). Is -1 + 1 - (2 + h) composite?
False
Let l be 1/3 - (-518)/21. Let b = -30 - -14. Let s = b + l. Is s a composite number?
True
Suppose 0 = -2*k - 0 - 2, 0 = 5*v + 4*k - 31. Let y be 0 - 1 - v*-1. Let c(z) = -z**3 + 9*z**2 - 9*z + 5. Is c(y) a prime number?
True
Suppose 0 = -2*y + j + 1194, -1791 = -3*y - 3*j + 7*j. Is y composite?
True
Let l(o) be the second derivative of -103*o**3/6 - 3*o**2/2 - 2*o. Is l(-2) a composite number?
True
Let u = -143 + 523. Suppose 0 = -x - 4*x + r + 636, 0 = 3*x + r - u. Is x composite?
False
Let c be (-6)/(-8)*(-6 + 2). Is c/12 + (-2868)/(-16) a prime number?
True
Let t be (125/(-10))/(1/(-2)). Let f = 61 - t. Is -20*(-3)/(f/57) a prime number?
False
Let t be 4/((-8)/(-5))*2. Suppose -274 = -t*v + 211. Is v a composite number?
False
Suppose 6*r - 12 = 2*r. Let f be ((-30)/9)/(-5)*r. Is 82 + 1*(2 - f) composite?
True
Let g be (1 - 2) + -3 + 2. Let a(h) = -h**3 + 7*h**2 - 7*h + 3. Let b be a(6). Is g/b - (-16)/3 a prime number?
False
Let r(c) = -10*c**3 + c**2 - 2*c + 1. Let z be r(1). Let k(s) = 6*s - 13. Let u be k(7). Let m = u + z. Is m prime?
True
Let l be 12/(-8)*(-124)/6. Let q = l - 15. Suppose -2*j = -4*r - 36, -50 = -3*j + r - q. Is j prime?
False
Let o(w) = w**3 + 2*w**2 + 10*w - 23. Is o(9) a composite number?
True
Suppose 2*s - 8 = -2. Suppose 1 = 2*a - 1, 2*k = -2*a + 366. Suppose -s = -5*q + k. Is q prime?
True
Suppose -670 = -2*o - 168. Is o composite?
False
Let i be (-8 + 2)*(-3)/(-9). Is (-3)/(-3) + 182 - i prime?
False
Let n = 102 - 26. Suppose -3*o + 236 = -3*t - 2*t, -o - t + n = 0. Is o a composite number?
True
Let r = -437 + 1164. Is r a prime number?
True
Suppose 4*z - 2565 - 1543 = 0. Is z a prime number?
False
Suppose 4*r + 33 = 5*o, -3*r - 3*o = -0*o + 45. Is (-2)/(-8) - 105/r prime?
False
Let f(x) = x**3 + 2*x - 1. Let z be f(1). Suppose -5*t + 1130 = -0*w - 3*w, 0 = -z*t - 4*w + 478. Suppose -3*a = 28 - t. Is a prime?
True
Suppose 5*r - 25 = a, 0*a + 14 = -r + 4*a. Is (3/r)/(2/260) composite?
True
Suppose 0 = 5*g - 230 - 100. Suppose -v = v - g. Is v prime?
False
Let l = -20 + 23. Is (-123)/(-9) - 2/l composite?
False
Let b(z) = z**2 - z - 4. Let v be b(3). Suppose 542 = -2*g + v*c - 4*c, -5*c = 10. Let y = -106 - g. Is y a prime number?
True
Let f(j) = j**2 - 11*j - 10. Let c be f(12). Suppose 2*t - 6 + c = 2*u, -3*t + 30 = 5*u. Is u a prime number?
True
Let a(l) = -195*l**3 - 1. Suppose b + 20 = -4*b + 3*j, 0 = -b - 4*j + 19. Is a(b) composite?
True
Suppose 0 = 4*z + 7 + 1. Is 45 + -3 + z + 3 a prime number?
True
Let l(b) = -3*b**3 + 2*b**3 + 84*b - 5*b**2 + 5 - 86*b. Is l(-6) a composite number?
False
Suppose 4*q = 7*q - 753. Is q composite?
False
Suppose 0*g - 3*s - 242 = -2*g, -520 = -4*g - 3*s. Is g a prime number?
True
Suppose 766 + 2363 = 3*b. Is b prime?
False
Let w be 1 + (-8)/4 + 0. Let p(x) = -54*x**3 - 2*x**2 - x. Is p(w) a composite number?
False
Let n(u) = u**3 + u - 1. Let v = -12 + 14. Is n(v) composite?
True
Suppose l - 820 = -317. Is l a prime number?
True
Let b be (-12)/(-3) - -2 - 1. Suppose -2*c + b*q - 21 = -0*q, 27 = -4*c - 5*q. Let o(x) = 3*x**2 + 8*x - 1. Is o(c) a prime number?
True
Let y(d) = 19*d**2 - 16*d + 2. Is y(-5) prime?
True
Let s be 0/(-3) + -1 - 125. Let m = s + 177. Is m a prime number?
False
Is (-7 + 3 + 591)/1 a prime number?
True
Suppose 4*o + 9*b - 31 = 4*b, -3*b - 1 = o. Is o